4485551621 a prime number?
False
Is 353999401 composite?
True
Is 2611562389 a prime number?
False
Is 4895239607 a prime number?
False
Is 946267771 composite?
True
Is 145706663 a prime number?
False
Is 1449648617 a composite number?
False
Is 385792331 prime?
True
Is 4632901763 a composite number?
True
Is 7152646139 prime?
True
Is 3851274613 composite?
False
Is 57325688699 a composite number?
True
Is 257344471 composite?
False
Is 1696086911 composite?
True
Is 88200799619 prime?
True
Is 435309373 composite?
False
Is 251259893 prime?
False
Is 7431408097 a prime number?
True
Is 863627669 prime?
False
Is 3171318862 prime?
False
Is 904069849 composite?
True
Is 4467366493 composite?
True
Is 3582505307 prime?
False
Is 7837823407 a composite number?
True
Is 1973948447 a prime number?
True
Is 115981623683 a composite number?
True
Is 2749747031 a prime number?
False
Is 28892587259 a composite number?
False
Is 7551029639 prime?
True
Is 2403519595 a composite number?
True
Is 5341595239 a prime number?
True
Is 129071818477 composite?
True
Is 2007062821 a composite number?
True
Is 358460509 prime?
False
Is 14611373291 prime?
True
Is 2697198319 a prime number?
True
Is 39571557989 a prime number?
True
Is 8283684259 composite?
False
Is 493626119 a composite number?
True
Is 1248225659 composite?
False
Is 27394531963 prime?
True
Is 23951746927 a composite number?
False
Is 1088364619 prime?
True
Is 361227637 a composite number?
False
Is 9100392501 composite?
True
Is 931164233 a composite number?
False
Is 143618837 a prime number?
False
Is 30392809 a prime number?
False
Is 19886994481 a prime number?
False
Is 185976587 a composite number?
True
Is 22305866663 composite?
True
Is 425351221 a prime number?
False
Is 45927143 composite?
False
Is 4604804747 a composite number?
True
Is 153289524419 composite?
False
Is 7108317751 a composite number?
False
Is 3138806491 composite?
False
Is 107091323081 prime?
False
Is 236374249 composite?
False
Is 179965173 a composite number?
True
Is 2114996021 prime?
True
Is 212824438 composite?
True
Is 6249211439 composite?
False
Is 19604921257 prime?
False
Is 59737072411 a composite number?
False
Is 9106554581 a prime number?
True
Is 55176798961 a composite number?
False
Is 609168773 a prime number?
True
Is 4587859763 a prime number?
True
Is 1167541919 a composite number?
True
Is 51712734263 composite?
True
Is 1185218897 a prime number?
True
Is 34673059303 prime?
False
Is 3204411391 composite?
False
Is 4702909321 composite?
True
Is 33834469363 prime?
True
Is 12735790615 prime?
False
Is 3296361287 composite?
False
Is 838280580387 a prime number?
False
Is 23714991119 composite?
True
Is 934139243 a prime number?
True
Is 950108321 a composite number?
False
Is 283542765461 a composite number?
False
Is 204903194789 a prime number?
True
Is 3541414249 a composite number?
False
Is 1488368935 a prime number?
False
Is 674959031 composite?
True
Is 467220661 prime?
True
Is 90799433 a composite number?
True
Is 466746283 a prime number?
False
Is 8818614631 prime?
True
Is 780524539 prime?
True
Is 401153653 a prime number?
True
Is 13415305877 composite?
False
Is 28976142319 a prime number?
True
Is 5414383577 composite?
True
Is 244917671 a prime number?
False
Is 234415801 a composite number?
True
Is 16847555 prime?
False
Is 859425267 a prime number?
False
Is 159783358465 prime?
False
Is 531610819 a composite number?
True
Is 3079865309 a composite number?
True
Is 1369933429 a prime number?
False
Is 18671339633 prime?
True
Is 1902176879 prime?
False
Is 56079012898 composite?
True
Is 4500958953 a prime number?
False
Is 81894746581 a composite number?
True
Is 28039387127 composite?
False
Is 4518658799 composite?
True
Is 70572622 a composite number?
True
Is 7272350291 prime?
True
Is 15524842301 prime?
True
Is 1437889 composite?
True
Is 1315970494 a prime number?
False
Is 297324571 a prime number?
False
Is 7371150082 a prime number?
False
Is 464123383 a composite number?
False
Is 1026345527 a prime number?
False
Is 92756041 a composite number?
True
Is 4548284437 a composite number?
False
Is 917720773 a prime number?
True
Is 5318785079 a prime number?
False
Is 3925371089 a composite number?
False
Is 93860894573 a composite number?
True
Is 80038082458 composite?
True
Is 3319186867 a prime number?
True
Is 12406391 a prime number?
True
Is 8032102307 composite?
True
Is 9130040653 a prime number?
False
Is 207780403 a prime number?
True
Is 8539449803 composite?
False
Is 496592141 a prime number?
False
Is 111700709 composite?
False
Is 16094011585 composite?
True
Is 143174859823 a composite number?
False
Is 2069868517 prime?
False
Is 699630839 composite?
False
Is 42320497 prime?
False
Is 1640411693 prime?
False
Is 271975138661 composite?
False
Is 50592232321 prime?
True
Is 560610277 composite?
False
Is 1005070657 prime?
False
Is 555970517 prime?
True
Is 21632907005 a composite number?
True
Is 59892821 a composite number?
False
Is 5731143799 a composite number?
True
Is 5991866561 a prime number?
False
Is 26343272023 composite?
False
Is 5252805161 composite?
True
Is 234419622659 composite?
False
Is 17440448423 composite?
True
Is 1254821321 a composite number?
True
Is 3448972031 prime?
True
Is 6887461181 a composite number?
True
Is 9743866169 a prime number?
True
Is 989939887 a prime number?
True
Is 20750927 composite?
False
Is 74750272109 a composite number?
False
Is 385966025103 a prime number?
False
Is 360058597 composite?
True
Is 879056773 composite?
True
Is 174650642707 a prime number?
False
Is 983582689 composite?
True
Is 10437543199 prime?
True
Is 5695135999 a composite number?
True
Is 13266451489 a composite number?
False
Is 22821971047 prime?
True
Is 21930295721 a prime number?
True
Is 9026790677 a prime number?
True
Is 1586377679 a composite number?
False
Is 27168228211 a composite number?
False
Is 8761630531 a prime number?
False
Is 880533949 a composite number?
False
Is 324235799 prime?
False
Is 5022702151 prime?
False
Is 118349741 composite?
False
Is 28883489 prime?
False
Is 90160561 a composite number?
False
Is 1584109357 composite?
True
Is 16470955679 a prime number?
False
Is 3509235929 composite?
True
Is 61271629841 composite?
False
Is 10917602503 a composite number?
False
Is 8726672869 a prime number?
True
Is 12257117443 a composite number?
False
Is 3152362553 a prime number?
False
Is 1599626393 composite?
True
Is 75135211 a prime number?
False
Is 18622167259 a prime number?
False
Is 5256661967 a composite number?
False
Is 41395613803 composite?
False
Is 7259369899 a composite number?
False
Is 5806858951 composite?
False
Is 33261456871 a prime number?
True
Is 2890567891 a composite number?
False
Is 852320527 composite?
True
Is 8179127813 composite?
False
Is 4900128509 a composite number?
False
Is 9723815917 prime?
False
Is 8698340671 a composite number?
True
Is 41649217063 composite?
False
Is 119320753 a prime number?
True
Is 3110886401 prime?
False
Is 15802116997 prime?
True
Is 1913118703 prime?
True
Is 115953613 a composite number?
False
Is 25474878493 a prime number?
True
Is 39906546989 a prime number?
True
Is 31248741197 composite?
True
Is 464245751 composite?
False
Is 1748357749 a composite number?
False
Is 300450187 composite?
False
Is 1017613061 a prime number?
False
Is 5413119167 a composite number?
False
Is 5078908507 a composite number?
True
Is 48000111223 prime?
True
Is 640615511 composite?
False
Is 18703180163 a prime number?
False
Is 18684168023 prime?
True
Is 1796134729 prime?
True
Is 38995259627 composite?
True
Is 3056445043 a composite number?
False
Is 5916926713 composite?
True
Is 5086774547 a prime number?
True
Is 481763339 a composite number?
True
Is 50542229 composite?
True
Is 5741026219 a composite number?
True
Is 7727303671 composite?
True
Is 2787086989 composite?
True
Is 2068371451 prime?
False
Is 435869081 a prime number?
False
Is 10316548493 a prime number?
True
Is 104298547721 a prime number?
True
Is 24494703509 composite?
False
Is 3925780501 composite?
True
Is 626159201 composite?
False
Is 1882055711 composite?
True
Is 127572427694 a prime number?
False
Is 133645871 a prime number?
False
Is 354287288777 composite?
False
Is 132286690661 prime?
False
Is 672611773 a composite number?
True
Is 1339450069 prime?
True
Is 1546173841 